f 6625?
2
What is the ten thousands digit of 12748?
1
What is the tens digit of 12996?
9
What is the thousands digit of 8892?
8
What is the units digit of 2296?
6
What is the units digit of 19088?
8
What is the tens digit of 1127?
2
What is the tens digit of 3778?
7
What is the tens digit of 3093?
9
What is the hundreds digit of 1686?
6
What is the hundreds digit of 951?
9
What is the hundreds digit of 10602?
6
What is the hundreds digit of 34890?
8
What is the units digit of 1919?
9
What is the thousands digit of 3666?
3
What is the thousands digit of 5078?
5
What is the units digit of 982?
2
What is the hundreds digit of 3822?
8
What is the ten thousands digit of 10504?
1
What is the tens digit of 79260?
6
What is the thousands digit of 45768?
5
What is the tens digit of 31256?
5
What is the hundred thousands digit of 171444?
1
What is the tens digit of 214?
1
What is the hundreds digit of 14272?
2
What is the thousands digit of 38025?
8
What is the thousands digit of 39700?
9
What is the hundreds digit of 1147?
1
What is the units digit of 784?
4
What is the hundreds digit of 2317?
3
What is the tens digit of 3840?
4
What is the thousands digit of 14980?
4
What is the tens digit of 588?
8
What is the units digit of 4608?
8
What is the thousands digit of 27029?
7
What is the hundreds digit of 2054?
0
What is the ten thousands digit of 12700?
1
What is the thousands digit of 1103?
1
What is the units digit of 34?
4
What is the units digit of 893?
3
What is the hundreds digit of 2228?
2
What is the hundreds digit of 171281?
2
What is the hundreds digit of 668?
6
What is the hundreds digit of 7218?
2
What is the units digit of 31762?
2
What is the tens digit of 800?
0
What is the tens digit of 144174?
7
What is the hundreds digit of 40428?
4
What is the units digit of 1530?
0
What is the hundreds digit of 8309?
3
What is the units digit of 10402?
2
What is the tens digit of 86961?
6
What is the units digit of 3149?
9
What is the thousands digit of 18929?
8
What is the hundreds digit of 92597?
5
What is the hundreds digit of 2326?
3
What is the units digit of 33496?
6
What is the units digit of 3?
3
What is the tens digit of 11297?
9
What is the tens digit of 121846?
4
What is the hundreds digit of 3457?
4
What is the hundreds digit of 108?
1
What is the tens digit of 4532?
3
What is the hundreds digit of 178?
1
What is the units digit of 3631?
1
What is the units digit of 3334?
4
What is the units digit of 111293?
3
What is the units digit of 2318?
8
What is the ten thousands digit of 11106?
1
What is the hundreds digit of 2444?
4
What is the hundreds digit of 2078?
0
What is the tens digit of 98518?
1
What is the tens digit of 1303?
0
What is the hundreds digit of 518?
5
What is the units digit of 29?
9
What is the ten thousands digit of 10453?
1
What is the thousands digit of 4717?
4
What is the thousands digit of 1872?
1
What is the thousands digit of 88077?
8
What is the thousands digit of 5265?
5
What is the hundreds digit of 39700?
7
What is the ten thousands digit of 11751?
1
What is the thousands digit of 1097?
1
What is the tens digit of 12444?
4
What is the units digit of 45409?
9
What is the thousands digit of 15469?
5
What is the units digit of 14619?
9
What is the units digit of 25?
5
What is the ten thousands digit of 20898?
2
What is the units digit of 42986?
6
What is the tens digit of 18897?
9
What is the tens digit of 74188?
8
What is the thousands digit of 4438?
4
What is the thousands digit of 11485?
1
What is the tens digit of 17607?
0
What is the units digit of 786?
6
What is the thousands digit of 5518?
5
What is the tens digit of 7804?
0
What is the ten thousands digit of 15779?
1
What is the tens digit of 2407?
0
What is the tens digit of 2431?
3
What is the tens digit of 18352?
5
What is the tens digit of 3869?
6
What is the ten thousands digit of 10761?
1
What is the thousands digit of 4320?
4
What is the hundreds digit of 5247?
2
What is the tens digit of 6448?
4
What is the units digit of 4367?
7
What is the units digit of 7373?
3
What is the hundreds digit of 868?
8
What is the ten thousands digit of 13315?
1
What is the tens digit of 861?
6
What is the tens digit of 67309?
0
What is the tens digit of 106?
0
What is the units digit of 1341?
1
What is the hundreds digit of 1856?
8
What is the thousands digit of 1759?
1
What is the thousands digit of 1311?
1
What is the tens digit of 1168?
6
What is the thousands digit of 4005?
4
What is the units digit of 21856?
6
What is the thousands digit of 8674?
8
What is the hundreds digit of 7555?
5
What is the thousands digit of 109663?
9
What is the hundreds digit of 5980?
9
What is the thousands digit of 6013?
6
What is the hundreds digit of 8182?
1
What is the units digit of 12719?
9
What is the hundreds digit of 103925?
9
What is the hundreds digit of 18066?
0
What is the hundreds digit of 1181?
1
What is the units digit of 1599?
9
What is the hundreds digit of 7080?
0
What is the thousands digit of 3351?
3
What is the hundreds digit of 468?
4
What is the tens digit of 799?
9
What is the units digit of 1576?
6
What is the hundreds digit of 36415?
4
What is the ten thousands digit of 10764?
1
What is the ten thousands digit of 29308?
2
What is the tens digit of 1978?
7
What is the units digit of 1454?
4
What is the hundreds digit of 6245?
2
What is the thousands digit of 1860?
1
What is the thousands digit of 5041?
5
What is the hundreds digit of 760?
7
What is the hundreds digit of 30677?
6
What is the tens digit of 8014?
1
What is the hundreds digit of 793?
7
What is the thousands digit of 27822?
7
What is the hundreds digit of 259?
2
What is the thousands digit of 75409?
5
What is the hundreds digit of 16774?
7
What is the units digit of 2541?
1
What is the hundreds digit of 437?
4
What is the units digit of 71?
1
What is the hundreds digit of 5000?
0
What is the tens digit of 1119?
1
What is the hundreds digit of 1505?
5
What is the hundreds digit of 8587?
5
What is the units digit of 27395?
5
What is the units digit of 4287?
7
What is the units digit of 2144?
4
What is the tens digit of 5252?
5
What is the thousands digit of 16461?
6
What is the units digit of 42524?
4
What is the units digit of 6510?
0
What is the units digit of 923?
3
What is the hundreds digit of 8207?
2
What is the thousands digit of 83897?
3
What is the units digit of 986?
6
What is the hundreds digit of 18171?
1
What is the ten thousands digit of 27548?
2
What is the thousands digit of 99685?
9
What is the units digit of 2118?
8
What is the thousands digit of 24311?
4
What is the units digit of 8039?
9
What is the tens digit of 8577?
7
What is the thousands digit of 9417?
9
What is the hundreds digit of 3433?
4
What is the tens digit of 3194?
9
What is the thousands digit of 43202?
3
What is the units digit of 169?
9
What is the tens digit of 72779?
7
What is the units digit of 2480?
0
What is the tens digit of 1305?
0
What is the thousands digit of 5733?
5
What is the hundreds digit of 67548?
5
What is the tens digit of 1379?
7
What is the hundreds digit of 6439?
4
What is the units digit of 11098?
8
What is the units digit of 1293?
3
What is the units digit of 137380?
0
What is the units digit of 12263?
3
What is the tens digit of 4063?
6
What is the ten thousands digit of 14599?
1
What is the hundreds digit of 879?
8
What is the thousands digit of 139158?
9
What is the hundreds digit of 3036?
0
What is the units digit of 2804?
4
What is the hundreds digit of 3261?
2
What is the tens digit of 118?
1
What is the tens digit of 5200?
0
What is the thousands digit of 4976?
4
What is the tens digit of 18373?
7
What is the thousands digit of 16799?
6
What is the tens digit of 2755?
5
What is the units digit of 2910?
0
What is the tens digit of 90?
9
What is the units digit of 53321?
1
What is the hundreds digit of 23791?
7
What is the tens digit of 291?
9
What is the tens digit of 88956?
5
What is the units digit of 189?
9
What is the tens digit of 878?
7
What is the tens digit of 363?
6
What is the units digit of 33448?
8
What is the hundreds digit of 1315?
3
What is the ten thousands digit of 48811?
4
What is the hundreds digit of 2830?
8
What is the ten thousands digit of 41245?
4
What is t